is -10 + 13 + (-4 - (-4 - -1))?
2
What is the value of 8 + -9 + -3 + 9?
5
What is the value of 2 - (2 - (-3 - -4))?
1
Evaluate -16 - -7 - (-3 + -1) - -4.
-1
Calculate -1 + -4 + 10 + -8.
-3
What is (5 - (0 - 4)) + -15 + 12?
6
Evaluate 5 + (3 - 5) + -7 + -2.
-6
-32 - -32 - (-1 - -8)
-7
What is 7 + (-20 - -6) + 16?
9
Calculate 14 + -16 + 1 + 4.
3
What is the value of -1 + (2 + -2 - -1) + 0?
0
Evaluate -6 + (4 - (2 - 2)).
-2
5 - (10 + -8 + 1)
2
What is 5 - (-4 + 6 - -5)?
-2
-4 + 3 + (-3 - -8)
4
Calculate (2 - 2) + (-6 + 12 - 0).
6
What is the value of -4 + (-4 - -23) - 7?
8
Evaluate 6 + (0 + -3 - 1).
2
-14 + 16 - (0 - 2)
4
Calculate -2 + 2 + (-10 - -7).
-3
-11 + 5 - (4 + -18 + 7)
1
Evaluate (2 - 1) + (-3 - (-2 - 3)).
3
11 + (-1 - 0 - 10)
0
Calculate -9 + 0 + (-6 - -12).
-3
What is (29 - 33) + -1 + 7?
2
(2 - -5) + -2 + -2
3
What is 6 - (-7 - (-8 - (-1 - -2)))?
4
Calculate -1 + 0 + (19 - 22).
-4
Calculate (3 - 4) + 0 - (2 - -1).
-4
(7 - (-4 + 2)) + -4
5
Calculate -17 + 7 + 9 + -4.
-5
Calculate 3 - (-2 + 0 + 4 + -3).
4
What is (5 - (13 + -4)) + (2 - -4)?
2
(2 + -1 - -1) + 1 + 5
8
Evaluate (7 - (0 - -8) - -5) + 3.
7
What is the value of (-11 - -24 - 0) + -19?
-6
Evaluate -7 - (-2 - (6 + -5)).
-4
What is the value of -4 + -7 + 12 + -5?
-4
What is -3 + (7 - 2 - 5)?
-3
3 + -6 + (1 - 1) + -1
-4
Evaluate -29 + 35 - (11 + 0).
-5
What is 9 - 1 - (12 - 2)?
-2
What is -9 + -2 - (-4 + -3)?
-4
What is the value of -4 + 10 + -1 + -3 + 0?
2
Calculate -5 - (-4 + -3) - 0 - -4.
6
What is -1 + 2 + 1 + 302 + -294?
10
Calculate -8 + 5 - (-1 - 1) - -1.
0
Evaluate 9 - (6 - (5 - 4)).
4
Evaluate 10 + (-10 - -4) - 4.
0
What is 10 - 18 - 1 - -11?
2
2 - (0 + 0) - (-1 + 6)
-3
Evaluate 3 - (2 + 0 + 1 + 0).
0
Evaluate 1 + 2 + 6 + -5 + -3.
1
What is the value of -4 + 8 + -4 + 0 + 0?
0
Evaluate -3 + 1 - (10 + -10).
-2
Evaluate 1 - (2 + (-4 - (5 - 3))).
5
-4 - (10 - 3 - 6)
-5
What is the value of -1 - (3 - (-4 + 1))?
-7
Evaluate -1 + (0 - (-1 - -3 - 8)).
5
Calculate -2 - (5 + -14 - -7).
0
What is -4 - ((1 - -6) + (-14 - -2))?
1
Calculate (-9 - 1) + (-1 - (-3 + 0)).
-8
What is the value of -1 + -7 + (-11 - -15 - 0)?
-4
Calculate 5 + (-2 - 2 - (3 + -3)).
1
What is the value of 3 - (0 - (-3 - 2))?
-2
Calculate -6 + 3 - -7 - (9 - 6).
1
5 - (3 + -2) - 5
-1
What is -24 + 11 - -11 - -4?
2
What is 0 - -7 - (-7 - -10)?
4
Calculate 2 + (-1 - 5) + 4 + -1.
-1
Calculate 4 + (4 - (3 + 2)) + -5.
-2
-1 + -1 + (-1 - -1)
-2
What is the value of -3 + (0 - -2 - (0 + -4))?
3
What is 13 + (-2 - 20) + 13?
4
Calculate 0 + -3 + 1 + 1 + -1.
-2
(-4 + 1 + 7 - 6) + 9
7
Evaluate -1 + (-1 + -6 - -11).
3
Evaluate -3 - -1 - (7 + -8 + -11).
10
Evaluate -8 + -1 + (28 - 6) + -18.
-5
What is the value of 4 + -1 + -5 - -3 - -2?
3
Evaluate (-4 - 1) + 7 + (-4 - 0).
-2
-2 - 1 - -3 - 6
-6
-7 - -26 - 12 - 5
2
-7 + 0 + 57 + -47 + -8
-5
Evaluate 1 + 1 + -2 + -3.
-3
Evaluate (16 - 12 - (3 - 0)) + -1.
0
Evaluate -1 + 1 + (1 - -2).
3
What is the value of -5 + -4 + 11 - (3 + 3)?
-4
What is 5 + -1 + (5 - 9) + 4?
4
Calculate (-4 - -9) + (-3 - 1) + -6.
-5
1 + 1 + (-6 - 1)
-5
What is -15 + 20 - (0 + 0 + 1)?
4
What is the value of (5 - 4) + 1 - (6 + 2)?
-6
Evaluate -1 - (3 + -5) - -8.
9
What is -4 + 1 - -2 - 1?
-2
What is the value of 3 - (13 - 5) - (0 + 0)?
-5
Calculate (-38 - -39) + (1 - -1).
3
What is the value of 0 + 2 + 3 - 1 - -1?
5
What is 2 + -5 + (-2 - -3) + 2?
0
Evaluate 23 + 2 + -7 + -6 - 6.
6
Evaluate -2 - 1 - -1 - (4 + -1).
-5
Calculate 2 + 1 - (-1 + -4 + 4).
4
4 + -1 + 4 + 1 - 0
8
What is the value of (1 - (7 - (-6 + 5))) + 4?
-3
What is the value of -2 + (4 - (7 + -2)) + 1?
-2
Calculate -3 - (2 + -2 + -1).
-2
What is (4 - (-1 - (-4 + 3))) + -5?
-1
What is the value of 3 + 6 + -11 + -2?
-4
What is the value of 5 + (-7 - (-1 - 4)) + -6?
-3
Calculate 6 + -9 + 1 - (4 - 1).
-5
What is -5 + (7 - 4) + 5?
3
Evaluate 9 + (-15 - 9) + 11.
-4
16 + -12 + 1 + -1
4
-3 + 0 - (-5 - (0 - 0))
2
Calculate -1 + (16 - 5) + -6.
4
What is the value of (11 - 9) + 6 - 4?
4
Evaluate 3 + 4 + -9 + 11 - 5.
4
Calculate 0 + 2 - (-38 + 34).
6
-4 + 8 + -5 + -2
-3
Calculate (1 - (0 + (3 - 4))) + 3.
5
What is (8 - -3) + -8 + 5 + 0?
8
Evaluate -15 + 10 - (-1 - (-1 - -2)).
-3
What is the value of -4 + (6 + -2 - (0 + -8))?
8
Evaluate 4 + 11 + -23 + 4.
-4
What is the value of 7 + 2 + (-3 - 7)?
-1
2 + -7 - ((-5 - -7) + -3)
-4
What is the value of (-4 - (-6 - -3)) + -2?
-3
What is 139 + -132 - (1 - 1)?
7
What is the value of 2 - (-7 - 0 - -3)?
6
(1 - 1) + (1 - (5 + -9))
5
-1 - (-9 - -3) - 5
0
What is (2 - (0 - -2)) + -4?
-4
Evaluate (2 - (4 + -4 + 1)) + 4.
5
4 + 14 + -1 + -9
8
5 + -8 + (-4 - -4)
-3
Calculate -1 + -9 + 9 + 2.
1
Calculate (9 + -16 - -2) + -5.
-10
Calculate (-11 - -20) + -4 + 0.
5
What is -5 + 0 + 1 - (-73 + 69)?
0
Calculate 8 + -9 + 0 + -3.
-4
Evaluate 2 + (4 - (4 + 3) - -1).
0
Evaluate 4 + (-2 - 5) - 0.
-3
What is the value of (-2 - (-1 - (-1 + 2))) + 0?
0
What is the value of -1 - 5 - -8 - 3?
-1
What is the value of 6 + -10 + (1 + -1 - 0)?
-4
What is the value of (-9 - (-5 + 0)) + -2?
-6
Calculate 2 + (-13 - -6) + 4.
-1
Evaluate -2 + -2 - (3 - 6 - 6).
5
What is the value of 2 + 1 + 11 + -19?
-5
4 + -3 + (8 - (0 + 4))
5
Calculate (6 - 3) + (0 - 4).
-1
Evaluate -6 + 13 + 3 - 1.
9
-1 + 1 - (4 + -7) - -2
5
What is -2 - 4 - (1 - 3)?
-4
Evaluate 2 + 2 + -6 + 6.
4
What is -6 - (3 + -4) - -1?
-4
What is 9 - (7 + -4 + 1)?
5
What is -1 - (-6 - (9 + -15 - -3))?
2
What is (1 - (4 - (-1 - -3))) + 3?
2
What is 4 - (-4 - (8 + -15))?
1
What is the value of (-5 - -1) + 6 + (1 - 2)?
1
7 - 5 - (-2 + -1 - -2)
3
What is -36 + 36 + (0 - (0 - -1))?
-1
Calculate -12 - ((4 - 5) + -7).
-4
What is the value of 0 + 0 + -6 + (10 - 4)?
0
What is 5 - (-4 + 15 + -8)?
2
What is the value of 2 - -1 - (8 - (-5 - -5))?
-5
-10 + 0 + 6 + 4
0
(-3 - (0 + -3)) + 7
7
What is the value of (5 - 2) + (2 - 5) + 3?
3
(0 - -6) + -1 + 3 + -5
3
What is 0 + 7 - ((-6 - -4) + 4)?
5
What is the value of (-6 - -4) + (-3 - -7)?
2
Calculate -14 + 10 + 1 + -3 + 9.
3
3 + -5 - -2 - 1
-1
What is -5 + (3 - -4) + -7 + 2?
-3
Calculate -10 + (-3 - (1 + -7)) - -6.
-1
(0 - (-3 + 1)) + 3
5
-13 + (7 - 4 - -4)
-6
1 + (0 + -1 - -3) - 7
-4
What is 2 + (-4 + -3 - -11)?
6
Evaluate 2 - (1 + -3 + 1 - 0).
3
What is 23 + -19 + (0 + -9 - -1)?
-4
What is 3 - (-2 + 6 + -1 - -1)?
-1
Calculate -2 - (2 + -8) - (-1 - -9).
-4
Evaluate (1 - -7 - 6) + -3 + -4.
-5
Calculate 9 + -3 - (3 - (0 + 1)).
4
Evaluate (11 + 5 - 5) + -7.
4
Evaluate -5 + 5 + 5 + -10 + 12.
7
Evaluate 10 + (1 - 0) - 5.
6
Evaluate 0 - ((-1 - -2) + -8).
7
What is the value of 0 - (10 + -7 - (9 - 2))?
4
Evaluate 2 + (1 + -2 - 2).
-1
Evaluate 1 - 3 - (-2 - -2).
-2
What is the value of 2 + (5 - (0 - -3))?
4
What is the value of -1 - (-9 - -3 - -7) - -3?
1
5 + 6 + (-7 - 5)
-1
2 + (3 - (-3 - -4))
4
Evaluate -3 - -3 - 1 - (-5 - -1).
3
What is -4 + -2 + 4 + -2 + 3?
-1
Calculate -6 - -2 - (-18 + 10).
4
What is -2 + (8 - 12) + 0?
-6
Calculate 1 + 2 - 4 - 0.
-1
Evaluate (8 - 0) + (-2 + 5 - 7).
4
What is the value of 7 + (9 - (1 - -3) - 10)?
2
What is -5 + (-2 - -3) + -5?
-9
Calculate 9 + 6 + -1 + -13.
1
Evaluate -5 + 2 - ((2 - 0) + -9).
4
Calculate -2 + 1 + (-4 - -2).
-3
0 - 1 - -1 - (1 + 2)
-3
Evaluate (6 - (-4 + 3)) + -3.
4
What is (-1 - (-5 - -2)) + 3?
5
Evaluate -6 + 7 + -6 + 6.
1
Calculate -19 + 20 - (-1 - -5).
-3
Evaluate -8 - (-9 - (3 + -8)).
-4
What is -8 + 0 + 5 + -2?
-5
Calculate -19 + 23 + -1 + 2.
5
Calculate (3 - 2) + (6 - 0) + -11.
-4
Calculate 0 + 3 + (-4 - 1 - 1).
-3
What is the value of 4 + (0 - 3) - 4?
-3
What is (2 - -7 - 14) + 7?
2
Calculate (1 - 9) + 10 - 5.
-3
Evaluate 5 - -1 - (-4 - -7).
3
What is the value of 5 + (0 - (2 + -1)) - 11?
-7
What is -5 + 4 + (1 - 2) + 5?
3
-1 - ((-6 - 1) + 5 + 0)
1
Evaluate 45 + -42 + (0 - 1).
2
(2 - -1) + (-24 - -19)
-2
What is -1 + (9 - 5 - 4)?
-1
What is the value of (1 + 2 - (-1 + 2)) + 3?
5
Evaluate -3 + 0 - (-1 + -2 - -7).
-7
Calculate -3 + (0 - (0 + -1)).
-2
What is the value of 1 - ((-4 - -2) + (-1 - -4))?
0
What is the value of -1 + (5 - 12) + 11?
3
Calculate -6 - 4 - -6 - (-10 + 4).
2
0 + -1 - -7 - (-4 - -6)
4
Evaluate 0 - -2 - (1 + -1 + 2).
0
Evaluate (3 - ((-1 - -4) + 2)) + -2.
-4
Evaluate -1 - ((-1 - 0) + -5).
5
What is -6 - -1 - -13 - 7?
1
What is the value of -7 + (1 - -3 - (-11 - -11))?
-3
What is -2 - 